lse
Is 2261503 composite?
False
Is 45611 a composite number?
True
Is 96095 prime?
False
Is 164821 prime?
True
Is 436273 composite?
False
Is 1711 prime?
False
Is 82183 a prime number?
True
Is 179147 a prime number?
False
Is 535273 composite?
False
Is 57619 prime?
False
Is 9233 a prime number?
False
Is 72166 prime?
False
Is 1841 a prime number?
False
Is 6947 composite?
False
Is 75467 prime?
False
Is 133253 prime?
True
Is 519329 composite?
True
Is 66221 prime?
True
Is 28293 a prime number?
False
Is 284009 a composite number?
True
Is 10151 composite?
False
Is 67927 composite?
False
Is 11311 prime?
True
Is 62501 composite?
False
Is 33659 prime?
False
Is 699001 a prime number?
True
Is 389189 composite?
False
Is 578273 a prime number?
False
Is 69517 a prime number?
False
Is 219671 prime?
False
Is 71011 a composite number?
False
Is 34739 a prime number?
True
Is 70099 prime?
True
Is 1323509 prime?
False
Is 5331 composite?
True
Is 12599 prime?
False
Is 15817 a composite number?
False
Is 315982 a prime number?
False
Is 1931 composite?
False
Is 2819 prime?
True
Is 6245 composite?
True
Is 5173 a prime number?
False
Is 53017 a composite number?
False
Is 3137 prime?
True
Is 54127 composite?
True
Is 40721 a prime number?
False
Is 68613 a prime number?
False
Is 67681 a prime number?
False
Is 4507 composite?
False
Is 2503 a prime number?
True
Is 649063 a composite number?
False
Is 2027 composite?
False
Is 244939 a prime number?
True
Is 1131997 prime?
True
Is 13027 prime?
False
Is 974591 composite?
False
Is 2099 prime?
True
Is 2406359 composite?
True
Is 1361 composite?
False
Is 297026 prime?
False
Is 94379 composite?
False
Is 1541 composite?
True
Is 15259 a composite number?
False
Is 1633 a prime number?
False
Is 128126 a prime number?
False
Is 84751 prime?
True
Is 4547 a composite number?
False
Is 22873 prime?
False
Is 152363 a composite number?
False
Is 21865 composite?
True
Is 4279 a composite number?
True
Is 1063379 a composite number?
False
Is 2709974 a composite number?
True
Is 88397 a prime number?
True
Is 4321 composite?
True
Is 75139 a composite number?
True
Is 16649 a prime number?
True
Is 620581 prime?
False
Is 21961 composite?
False
Is 899527 a composite number?
True
Is 11213 a prime number?
True
Is 18329 a composite number?
False
Is 99649 composite?
True
Is 50795 composite?
True
Is 1115221 a prime number?
False
Is 7901 a prime number?
True
Is 298553 prime?
False
Is 14479 prime?
True
Is 2129 composite?
False
Is 658627 prime?
False
Is 7363 composite?
True
Is 25199 prime?
False
Is 32749 prime?
True
Is 18409 composite?
True
Is 13309 a composite number?
False
Is 10541 a composite number?
True
Is 172739 composite?
True
Is 72133 a prime number?
False
Is 118663 a prime number?
False
Is 270563 prime?
True
Is 52261 prime?
False
Is 8857 a composite number?
True
Is 24859 prime?
True
Is 4987 a prime number?
True
Is 810142 prime?
False
Is 13453 a composite number?
True
Is 8507 a composite number?
True
Is 7159 prime?
True
Is 879293 composite?
True
Is 146 a composite number?
True
Is 8926 a prime number?
False
Is 19531 prime?
True
Is 8083 a prime number?
False
Is 990987 composite?
True
Is 499 composite?
False
Is 41281 a composite number?
False
Is 118247 a prime number?
True
Is 123653 a prime number?
True
Is 65537 prime?
True
Is 37533 a composite number?
True
Is 151693 a prime number?
True
Is 54415 a prime number?
False
Is 499099 prime?
True
Is 58385 composite?
True
Is 127481 a prime number?
True
Is 167989 a composite number?
True
Is 30183 prime?
False
Is 5273 a composite number?
False
Is 162562 a prime number?
False
Is 54641 composite?
True
Is 533509 prime?
True
Is 200063 composite?
False
Is 184741 a composite number?
True
Is 299206 composite?
True
Is 414317 composite?
True
Is 3452497 a prime number?
True
Is 451481 composite?
False
Is 59333 a prime number?
True
Is 9677 prime?
True
Is 9277 a composite number?
False
Is 24437 prime?
False
Is 16249 a prime number?
True
Is 22549 a prime number?
True
Is 1317 a composite number?
True
Is 10393 prime?
False
Is 67679 composite?
False
Is 33209 a prime number?
False
Is 149737 a composite number?
True
Is 32141 composite?
False
Is 3947 a prime number?
True
Is 227267 composite?
False
Is 302 a composite number?
True
Is 12421 a prime number?
True
Is 1967611 prime?
False
Is 1559 prime?
True
Is 121181 prime?
True
Is 412431 a composite number?
True
Is 41479 a composite number?
False
Is 117419 a prime number?
False
Is 54643 a composite number?
True
Is 11959 a composite number?
False
Is 1157 composite?
True
Is 4177 prime?
True
Is 39687 a prime number?
False
Is 3581 prime?
True
Is 11971 composite?
False
Is 1226 a composite number?
True
Is 19742 prime?
False
Is 1555 prime?
False
Is 14809 a composite number?
True
Is 224233 prime?
True
Is 133241 prime?
True
Is 16319 a prime number?
True
Is 40453 a composite number?
True
Is 76411 prime?
False
Is 12757 a composite number?
False
Is 674807 prime?
False
Is 39047 composite?
False
Is 9278 composite?
True
Is 15401 a prime number?
True
Is 203122 a prime number?
False
Is 21145 a composite number?
True
Is 35567 composite?
True
Is 4963 composite?
True
Is 3611 prime?
False
Is 33821 a composite number?
True
Is 451 prime?
False
Is 1757911 prime?
True
Is 96839 prime?
False
Is 118189 composite?
False
Is 110395 composite?
True
Is 15119 prime?
False
Is 709663 a prime number?
True
Is 877 composite?
False
Is 2707 prime?
True
Is 79967 prime?
True
Is 28715 a composite number?
True
Is 649 composite?
True
Is 229673 composite?
True
Is 8887 prime?
True
Is 201859 prime?
False
Is 199639 a prime number?
False
Is 168529 a prime number?
False
Is 119 prime?
False
Is 36827 composite?
True
Is 14026 a composite number?
True
Is 24121 a composite number?
False
Is 43471 prime?
False
Is 84353 prime?
False
Is 3137 a prime number?
True
Is 58663 composite?
True
Is 55531 a composite number?
True
Is 128107 prime?
False
Is 213437 prime?
False
Is 6121 a composite number?
False
Is 216317 composite?
False
Is 323623 prime?
True
Is 1882 composite?
True
Is 4889 prime?
True
Is 8709 a prime number?
False
Is 2267 composite?
False
Is 2498 a composite number?
True
Is 72991 composite?
True
Is 14797 a prime number?
True
Is 11789 a prime number?
True
Is 139 a prime number?
True
Is 8849 prime?
True
Is 1166599 composite?
True
Is 1114 a composite number?
True
Is 91283 composite?
False
Is 389627 a prime number?
False
Is 797 a prime number?
True
Is 31 composite?
False
Is 86197 composite?
False
Is 22471 composite?
True
Is 105321 a composite number?
True
Is 15943 prime?
False
Is 1637 a composite number?
False
Is 10661 prime?
False
Is 14401 a composite number?
False
Is 73093 composite?
True
Is 95449 a composite number?
True
Is 100903 a prime number?
False
Is 3593 a composite number?
False
Is 217621 a composite number?
True
Is 77 composite?
True
Is 1961 composite?
True
Is 8881 a prime number?
False
Is 27179 composite?
False
Is 25973 a composite number?
True
Is 71893 composite?
True
Is 2307 composite?
True
Is 110749 composite?
False
Is 565 a prime number?
False
Is 667417 a composite number?
False
Is 81647 a composite number?
False
Is 137827 a prime number?
True
Is 1795 composite?
True
Is 22109 prime?
True
Is 547813 prime?
False
Is 197189 prime?
False
Is 67549 composite?
True
Is 13439 a prime number?
False
Is 469 a composite number?
True
Is 7787 prime?
False
Is 33958 a composite number?
True
Is 422 prime?
False
Is 24197 a composite number?
False
Is 133 a composite number?
True
Is 41014 prime?
False
Is 134753 composite?
False
Is 12569 a prime number?
True
Is 11303 prime?
False
Is 129742 composite?
True
Is 995897 a prime number?
False
Is 80609 composite?
True
Is 72349 prime?
False
Is 41579 a composite number?
False
Is 2939 a composite number?
False
Is 5627 a composite number?
True
Is 918647 prime?
True
Is 26329 a prime number?
False
Is 879598 a prime number?
False
Is 55433 prime?
False
Is 193841 prime?
True
Is 285179 prime?
True
Is 6599 composite?
False
Is 528247 prime?
True
Is 8803 a prime number?
True
Is 8923 a composite number?
False
Is 535 a prime number?
False
Is 10265 composite?
True
Is 120709 a prime number?
True
Is 197489 prime?
False
Is 35769 a composite number?
True
Is 15439 a composite number?
False
Is 69593 prime?
True
Is 44947 composite?
True
Is